x = 110 - 200. Suppose -511 = 13*y + 113. Let u = y - x. What are the prime factors of u?
2, 3, 7
Suppose s - 2*x - 761 = 0, -31*s = -36*s + 3*x + 3784. What are the prime factors of s?
5, 151
Suppose 0 = -4*y - 22 - 58. Let d = y + -19. Let j = 59 + d. List the prime factors of j.
2, 5
Suppose -5*r + c + 4431 = 4*c, 6 = -2*c. What are the prime factors of r?
2, 3, 37
Suppose 0 = -5*g + 7*g - 4. Suppose -3*b - 4*t = 19, -g*b + 3 = 4*t + 21. What are the prime factors of b - 2*36/(-8)?
2
Suppose 0 = -3*b - 0*b + 354. List the prime factors of b.
2, 59
List the prime factors of (-4 - (-220)/16)*24.
2, 3, 13
Suppose w + w = 2. Let l be 2 + 102/(w - -1). Let r = l + -19. What are the prime factors of r?
2, 17
Let t(z) = -9*z - 5. Suppose 6*v = 4*v - 12. What are the prime factors of t(v)?
7
Suppose 2*c - 75 = 5*c. Let m = 77 + c. List the prime factors of m.
2, 13
Suppose 0 = 4*j + j - 40. Let x(l) = 4*l**2 - j*l + 15 + 6*l**2 - 6*l**2 - 5. List the prime factors of x(4).
2, 3, 7
Let q = -88 - -916. Suppose -4*d = -0*d - 2*t - 834, -q = -4*d + 4*t. What are the prime factors of d?
2, 3, 5, 7
Suppose 10*w = 3*w + 1281. Let x = w - -50. What are the prime factors of x?
233
Let z(n) = -n + 10. Let m be z(8). Suppose p + m - 5 = 0. Suppose 0*l + 4*l = 2*u + 28, -l - p*u + 14 = 0. List the prime factors of l.
2
Let s(g) = -4*g + 3. Let c be s(-4). Let z = -19 + c. Suppose -d - 2*d + 5*v + 88 = z, 0 = -4*d + 2*v + 136. List the prime factors of d.
2, 3
Let d(h) = -8*h + 17. Let j(o) = 135*o - 290. Let w(f) = -70*d(f) - 4*j(f). What are the prime factors of w(5)?
2, 5, 7
What are the prime factors of -4 + (-4)/2 - (-3962 - -71)?
3, 5, 7, 37
Let l = 36 + -32. Let c be 30/7 + 4/(-14). Suppose 4*z - l*j - j = 116, -16 = c*j. List the prime factors of z.
2, 3
List the prime factors of (-3 - 0)*(1 + (-5766)/9).
19, 101
Suppose 0*h = 4*h + 4. Let p = h - -1. Suppose p = 4*i - 70 - 26. List the prime factors of i.
2, 3
Let a(v) = v**2 - 8*v + 4. Let b be a(8). Suppose -14 = -b*w + 6. Suppose -39 = -w*z - 4. List the prime factors of z.
7
Let h(g) = -g**2 + 14*g - 9. Let m be h(13). Suppose 0*q - m*q + 808 = 0. Let o = q + -137. What are the prime factors of o?
5, 13
Suppose x - 320 = -3*x. Suppose -6*k + 10 = -k. Suppose 0 = -k*w - 0*w + x. List the prime factors of w.
2, 5
Let s(k) = 33*k + 3. Let b be s(4). Let l = b - 6. Let f = -87 + l. What are the prime factors of f?
2, 3, 7
Suppose 2*t + 1732 = -3*q + 5*q, q - 854 = -3*t. What are the prime factors of q?
863
Suppose -14*a - 4*a = -2628. List the prime factors of a.
2, 73
Let t be 2*5/15*(-9)/(-1). What are the prime factors of (8/t)/((-304)/306 - -1)?
2, 3, 17
Let g be 1/4 - (-1507)/4. Suppose 5*o = g + 28. What are the prime factors of o?
3
Let n = -509 + 1274. Suppose 505 = -5*q - n. What are the prime factors of q/(-7) + (-14)/49?
2, 3
Let o(p) = -p**3 - p**2 - p + 54. Suppose -v = 2 - 2. List the prime factors of o(v).
2, 3
Let k = 779 - 344. What are the prime factors of k?
3, 5, 29
List the prime factors of (-32 + 33)*133/1.
7, 19
Suppose 0 = -5*o + 5*m + 1970, 303 = 4*o - 3*m - 1276. What are the prime factors of o?
397
Suppose -2366 = -18*a + 5590. What are the prime factors of a?
2, 13, 17
Suppose z = -1 + 5. Suppose -2*k - 6 = -d + 2*d, 8 = -4*d - z*k. Suppose -d*b = -25 - 11. What are the prime factors of b?
2, 3
Let d = 43 - -41. Let b be ((-4)/(-10))/(2/20). Suppose 0*u = b*u - d. List the prime factors of u.
3, 7
Let x be 1 - (-2 + 1*15). Suppose -6 = 9*d - 12*d. List the prime factors of 1*(d - x/2).
2
Let j(w) = -w**3 + 13*w**2 + 16*w - 26. Let c be j(14). Suppose -d = g - 186, g = -0*g - c*d + 183. List the prime factors of g.
3, 7
Let z(y) = -y. Let r(c) = -c + 9. Let s be r(8). Let b be z(s). What are the prime factors of b/((-1)/((-18)/(-1)))?
2, 3
Suppose 0 = 21*f - 0*f - 29043. What are the prime factors of f?
3, 461
Suppose -5*w + 3*q = -2*q, 5*q - 12 = -w. Suppose -295 = -5*m + 5*b, -4*b = -w*m + 170 - 42. List the prime factors of m.
2, 3
Suppose 0 = 3*g - 7*g + 16. Suppose 2*q = 2*c + 356, 3*q + g*c + 0*c = 527. List the prime factors of q.
3, 59
Let k be 9/(-3) - (0 + 2). Let z be (3 + -2)*(-10)/k. Suppose -3*j - 3 = 0, -z*b - j + 2*j + 9 = 0. What are the prime factors of b?
2
Suppose -17008 = -42*a + 33182. What are the prime factors of a?
5, 239
Let z = 319 - 1803. List the prime factors of ((-12)/2)/(42/z).
2, 53
Suppose -301 = -5*g + 4*i + 249, g - 119 = -i. Suppose -p + g = -35. List the prime factors of p.
149
What are the prime factors of 2336/1 + (-24)/(-4)?
2, 1171
Suppose -39482 = -18*j - 7640. List the prime factors of j.
29, 61
Let x(d) = -d**2 + 18*d + 3. Let s be x(18). Suppose -49 = -s*z + 329. Suppose -5*g + z = -44. List the prime factors of g.
2, 17
Let r = -5 - 5. Let g be (r/15)/(2/(-96)). Let i = g - 28. List the prime factors of i.
2
Let s = -97 + 291. What are the prime factors of s?
2, 97
Suppose 5*v + 0*v - 5*b = 35, -4*b - 8 = 0. Let k(x) = x + 3. Let a be k(v). List the prime factors of (4/a)/(1/30).
3, 5
Suppose -35 + 101 = 11*t. List the prime factors of ((-9)/t + (4 - 3))*-156.
2, 3, 13
Suppose -4*w = -t + 10, 5*t + w - 23 = t. Suppose 4*d = -8, -3*d = -h + t*h - 294. List the prime factors of h.
2, 3, 5
Let f(l) = 106*l**2 + 3*l + 11. List the prime factors of f(-2).
3, 11, 13
Let g(p) = -p + 98. What are the prime factors of g(-4)?
2, 3, 17
Let a = -6 + 36. Suppose 0 = a*k - 33*k + 72. List the prime factors of k.
2, 3
Let t(i) = -2*i**2 + 13*i + 2. Let r(n) = n**2 - n - 1. Let w(s) = r(s) + t(s). What are the prime factors of w(9)?
2, 7
Let t(m) = -2*m + 7. Let x be t(-15). Let a = 97 - x. What are the prime factors of a?
2, 3, 5
Suppose -v = -3*x + 87, 0 = -5*x - v + 56 + 97. Suppose 5*l + 5*a = x, 2*l - 5*a = 19 - 7. List the prime factors of l.
2, 3
Let k(b) = 2 - b**3 + 0 + 9*b**2 + b**2. Let h be k(10). Suppose -m + 127 = 4*d, h*d = 3*m + 24 + 29. What are the prime factors of d?
31
Suppose 0 = -3*x + j + 602, 2*x = -j + 282 + 126. List the prime factors of x.
2, 101
Let b(n) = n**3 - 12*n**2 + 68*n - 16. List the prime factors of b(13).
17, 61
Suppose 20*c - 22*c = -4, o - 21 = 2*c. List the prime factors of o.
5
Let u(x) be the third derivative of 4*x**5/5 + x**3/3 + 20*x**2. List the prime factors of u(-2).
2, 97
List the prime factors of 1277*(-2)/(-12) + 39/234.
3, 71
Suppose -2*t + 2*d - 6 = 6*d, 3*t = -d + 6. Let r(s) = s**2 - 4*s + 7. Let h be r(t). Suppose -h*o = -157 - 15. List the prime factors of o.
43
Let i(w) = w**3 - 8*w**2 + 17*w - 6. Let l be i(5). Suppose 0 = 4*b, -4*b - 23 = -k - 0*b. Suppose l*f - k = 29. List the prime factors of f.
13
Let u = -127 + 189. List the prime factors of u.
2, 31
Let c(h) = h**3 - 5*h**2 - 8*h + 7. Let l be c(6). Let b be (72/(-30))/((-4)/50). Let t = b - l. List the prime factors of t.
5, 7
Let k(q) = 32*q**3 - 2*q**2 - q + 2. Let m be k(1). Suppose 17 + m = -2*x. Let d = 9 - x. What are the prime factors of d?
3, 11
Let k(m) = -39*m + 15. Let f = -4 + 1. List the prime factors of k(f).
2, 3, 11
Let f = -9 - -12. Suppose -f*w - 3*c + 18 = 0, 6 = -0*c + 3*c. What are the prime factors of 14/(-4)*(0 - w)?
2, 7
What are the prime factors of 7/21 + -2 + (-707)/(-3)?
2, 3, 13
List the prime factors of 1202/2 - (-8)/(48/6).
2, 7, 43
Suppose 0 = -h - h + 6. Suppose -104 = -h*q - q. Suppose -2*g - q = -3*g. What are the prime factors of g?
2, 13
Let v = 388 - -677. What are the prime factors of v?
3, 5, 71
Let q = -879 + 1619. What are the prime factors of q?
2, 5, 37
Suppose -4 - 10 = -2*b + 4*l, -4*l - 19 = -3*b. Suppose b*m = 2*m. Suppose m = -4*a + 148 - 44. List the prime factors of a.
2, 13
Let a = -186 + 733. What are the prime factors of a?
547
Let w be (-248)/(-60) + 1 + 2/(-15). Suppose -149 = -6*k + w*k. What are the prime factors of k?
149
Let b = 900 - 258. What are the prime factors of b?
2, 3, 107
Let d(a) = -a**2 + 7*a - 12. Let h be d(6). Let f be 2/h + (-3)/(-9). Suppose 5*m + 0*m - 75 = f. List the prime factors of m.
3, 5
Let a be 16 - (-6)/(1 - 4). Let b = a + -13. Suppose 2*r = 7 + b. What are the prime factors of r?
2
Let d(q) = 37*q**2 + 10*q - 6. What are the prime factors of d(-6)?
2, 3, 211
Suppose -5*n + 0*n = -100. Suppose 2*c = 74 + n. Suppose 2*f - b - 52 = 0, 4*b